{"id":100,"date":"2018-01-10T16:16:21","date_gmt":"2018-01-10T16:16:21","guid":{"rendered":"http:\/\/abc-creative.de\/?page_id=100"},"modified":"2022-02-15T12:52:29","modified_gmt":"2022-02-15T12:52:29","slug":"impressum","status":"publish","type":"page","link":"https:\/\/abc-creative.de\/?page_id=100","title":{"rendered":"Impressum"},"content":{"rendered":"<h3><span style=\"margin: 0px; color: #313131; font-family: 'Century Gothic'; font-size: 10pt;\">Impressum<\/span><\/h3>\n<p><span style=\"margin: 0px; color: #313131; font-family: 'Century Gothic'; font-size: 10pt;\">Angaben gem\u00e4\u00df \u00a7 5 TMG<\/span><\/p>\n<p><span style=\"margin: 0px; color: #313131; font-family: 'Century Gothic'; font-size: 10pt;\">Anke Barbara Calzada <\/span><\/p>\n<p><span style=\"margin: 0px; color: #313131; font-family: 'Century Gothic'; font-size: 10pt;\">Abelestra\u00dfe 10<\/span><\/p>\n<p><span style=\"margin: 0px; color: #313131; font-family: 'Century Gothic'; font-size: 10pt;\">85354 Freising <\/span><\/p>\n<p><strong><span style=\"margin: 0px; color: #313131; font-family: 'Century Gothic'; font-size: 10pt;\">Vertreten durch: <\/span><\/strong><span style=\"margin: 0px; color: #313131; font-family: 'Century Gothic'; font-size: 10pt;\"><br \/>\nAnke Barbara Calzada<\/span><\/p>\n<p><strong><span style=\"margin: 0px; color: #313131; font-family: 'Century Gothic'; font-size: 10pt;\">Kontakt:<\/span><\/strong><span style=\"margin: 0px; color: #313131; font-family: 'Century Gothic'; font-size: 10pt;\"><br \/>\nTelefon: 08161-787 14 18<br \/>\nE-Mail: <a>anke.calzada@abc-creative.de<\/a><\/span><\/p>\n<p><strong><span style=\"margin: 0px; color: #313131; font-family: 'Century Gothic'; font-size: 10pt;\">Verantwortlich f\u00fcr den Inhalt nach \u00a7 55 Abs. 2 RStV:<\/span><\/strong><span style=\"margin: 0px; color: #313131; font-family: 'Century Gothic'; font-size: 10pt;\"><br \/>\nAnke Barbara Calzada <\/span><\/p>\n<p><span style=\"margin: 0px; color: #313131; font-family: 'Century Gothic'; font-size: 10pt;\">Abelestra\u00dfe 10<\/span><\/p>\n<p><span style=\"margin: 0px; color: #313131; font-family: 'Century Gothic'; font-size: 10pt;\">85354 Freising <\/span><\/p>\n<p>Umsatzsteuer-ID: DE348663056<\/p>\n<p>LUCID Registrierung: DE2012062955665<\/p>\n<p><strong><span style=\"margin: 0px; color: #313131; font-family: 'Century Gothic'; font-size: 10pt;\">Haftungsausschluss: <\/span><\/strong><\/p>\n<p><strong><span style=\"margin: 0px; color: #313131; font-family: 'Century Gothic'; font-size: 10pt;\">Haftung f\u00fcr Inhalte<\/span><\/strong><\/p>\n<p><span style=\"margin: 0px; color: #313131; font-family: 'Century Gothic'; font-size: 10pt;\">Die Inhalte dieser Seiten wurden mit gr\u00f6\u00dfter Sorgfalt erstellt. F\u00fcr die Richtigkeit, Vollst\u00e4ndigkeit und Aktualit\u00e4t der Inhalte kann ich jedoch keine Gew\u00e4hr \u00fcbernehmen. Als Diensteanbieter bin ich gem\u00e4\u00df \u00a7 7 Abs.1 TMG f\u00fcr eigene Inhalte auf diesen Seiten nach den allgemeinen Gesetzen verantwortlich. Nach \u00a7\u00a7 8 bis 10 TMG bin ich als Diensteanbieter jedoch nicht verpflichtet, \u00fcbermittelte oder gespeicherte fremde Informationen zu \u00fcberwachen oder nach Umst\u00e4nden zu forschen, die auf eine rechtswidrige T\u00e4tigkeit hinweisen. Verpflichtungen zur Entfernung oder Sperrung der Nutzung von Informationen nach den allgemeinen Gesetzen bleiben hiervon unber\u00fchrt. Eine diesbez\u00fcgliche Haftung ist jedoch erst ab dem Zeitpunkt der Kenntnis einer konkreten Rechtsverletzung m\u00f6glich. Bei Bekanntwerden von entsprechenden Rechtsverletzungen werde ich diese Inhalte umgehend entfernen.<\/span><\/p>\n<p><strong><span style=\"margin: 0px; color: #313131; font-family: 'Century Gothic'; font-size: 10pt;\">Haftung f\u00fcr Links<\/span><\/strong><\/p>\n<p><span style=\"margin: 0px; color: #313131; font-family: 'Century Gothic'; font-size: 10pt;\">Mein Angebot enth\u00e4lt Links zu externen Webseiten Dritter, auf deren Inhalte ich keinen Einfluss habe. Deshalb kann ich f\u00fcr diese fremden Inhalte auch keine Gew\u00e4hr \u00fcbernehmen. F\u00fcr die Inhalte der verlinkten Seiten ist stets der jeweilige Anbieter oder Betreiber der Seiten verantwortlich. Die verlinkten Seiten wurden zum Zeitpunkt der Verlinkung auf m\u00f6gliche Rechtsverst\u00f6\u00dfe \u00fcberpr\u00fcft. Rechtswidrige Inhalte waren zum Zeitpunkt der Verlinkung nicht erkennbar. Eine permanente inhaltliche Kontrolle der verlinkten Seiten ist jedoch ohne konkrete Anhaltspunkte einer Rechtsverletzung nicht zumutbar. Bei Bekanntwerden von Rechtsverletzungen werde ich derartige Links umgehend entfernen.<\/span><\/p>\n<p><strong><span style=\"margin: 0px; color: #313131; font-family: 'Century Gothic'; font-size: 10pt;\">Urheberrecht<\/span><\/strong><\/p>\n<p><span style=\"margin: 0px; color: #313131; font-family: 'Century Gothic'; font-size: 10pt;\">Die durch den Seitenbetreiber erstellten Inhalte und Werke auf diesen Seiten unterliegen dem deutschen Urheberrecht. Die Vervielf\u00e4ltigung, Bearbeitung, Verbreitung und jede Art der Verwertung au\u00dferhalb der Grenzen des Urheberrechtes bed\u00fcrfen der schriftlichen Zustimmung des jeweiligen Autors bzw. Erstellers. Downloads und Kopien dieser Seite sind nur f\u00fcr den privaten, nicht kommerziellen Gebrauch gestattet. Soweit die Inhalte auf dieser Seite nicht vom Betreiber erstellt wurden, werden die Urheberrechte Dritter beachtet. Insbesondere werden Inhalte Dritter als solche gekennzeichnet. Sollten Sie trotzdem auf eine Urheberrechtsverletzung aufmerksam werden, bitte ich \u00a0um einen entsprechenden Hinweis. Bei Bekanntwerden von Rechtsverletzungen werde ich derartige Inhalte umgehend entfernen.<\/span><\/p>\n<p><strong><span style=\"margin: 0px; color: #313131; font-family: 'Century Gothic'; font-size: 10pt;\">Datenschutzerkl\u00e4rung<\/span><\/strong><\/p>\n<p><span style=\"margin: 0px; color: black; font-family: 'Century Gothic'; font-size: 10pt;\">abc creative nimmt den Schutz der pers\u00f6nlichen Daten ihrer Kunden sehr ernst und h\u00e4lt sich strikt an die Regeln der Datenschutzgesetze der Bundesrepublik Deutschland, des Telemediengesetzes und der Datenschutzbestimmungen der Europ\u00e4ischen Union (nachfolgend: \u201edatenschutzrechtliche Vorgaben\u201c).<\/span><\/p>\n<p><span style=\"margin: 0px; color: black; font-family: 'Century Gothic'; font-size: 10pt;\">Die Kunden werden hiermit gem. \u00a7 33 Abs. 1 des Bundesdatenschutzgesetzes (BDSG) sowie \u00a7 13 des Telemediengesetzes und gleichlautender gesetzlicher Regelungen davon unterrichtet, dass abc creative die Nutzerdaten in maschinenlesbarer Form und f\u00fcr Aufgaben, die sich aus dem Vertrag ergeben, maschinell verarbeitet. <\/span><\/p>\n<p><span style=\"margin: 0px; color: black; font-family: 'Century Gothic'; font-size: 10pt;\">Soweit sich abc creative Dritter (nachfolgend: \u201eKooperationspartner\u201c) zur Erbringung der angebotenen Serviceleistungen bedient, ist abc creative berechtigt, die Kundendaten weiterzugeben, wenn dies f\u00fcr ordnungsgem\u00e4\u00dfe Sicherstellung des Betriebs im Rahmen des Vertragszwecks erforderlich ist.<\/span><\/p>\n<p><span style=\"margin: 0px; color: black; font-family: 'Century Gothic'; font-size: 10pt;\">abc creative wird seine Mitarbeiter und Kooperationspartner entsprechend zur Einhaltung der datenschutzrechtlichen Vorgaben verpflichten.<\/span><\/p>\n<p><span style=\"margin: 0px; color: black; font-family: 'Century Gothic'; font-size: 10pt;\">Folgende <strong><span style=\"margin: 0px; font-family: 'Century Gothic';\">personenbezogene Daten<\/span><\/strong> werden erhoben:<\/span><\/p>\n<ul type=\"disc\">\n<li style=\"margin: 0px; color: black; font-family: 'Times New Roman'; font-size: 12pt; font-style: normal; font-weight: 400;\"><span style=\"margin: 0px; font-family: 'Century Gothic'; font-size: 10pt;\">vollst\u00e4ndiger Name,<\/span><\/li>\n<li style=\"margin: 0px; color: black; font-family: 'Times New Roman'; font-size: 12pt; font-style: normal; font-weight: 400;\"><span style=\"margin: 0px; font-family: 'Century Gothic'; font-size: 10pt;\">vollst\u00e4ndige Anschrift,<\/span><\/li>\n<li style=\"margin: 0px; color: black; font-family: 'Times New Roman'; font-size: 12pt; font-style: normal; font-weight: 400;\"><span style=\"margin: 0px; font-family: 'Century Gothic'; font-size: 10pt;\">E-Mail-Adresse,<\/span><\/li>\n<li style=\"margin: 0px; color: black; font-family: 'Times New Roman'; font-size: 12pt; font-style: normal; font-weight: 400;\"><span style=\"margin: 0px; font-family: 'Century Gothic'; font-size: 10pt;\">Telefonnummer<\/span><\/li>\n<li style=\"margin: 0px; color: black; font-family: 'Times New Roman'; font-size: 12pt; font-style: normal; font-weight: 400;\"><span style=\"margin: 0px; font-family: 'Century Gothic'; font-size: 10pt;\">die Zustimmung zur Datenschutzklausel und<\/span><\/li>\n<li style=\"margin: 0px; color: black; font-family: 'Times New Roman'; font-size: 12pt; font-style: normal; font-weight: 400;\"><span style=\"margin: 0px; font-family: 'Century Gothic'; font-size: 10pt;\">Ggf. weitere produktbezogene Daten<\/span><\/li>\n<\/ul>\n<p><span style=\"margin: 0px; color: black; font-family: 'Century Gothic'; font-size: 10pt;\">Diese Daten werden ausschlie\u00dflich f\u00fcr <strong><span style=\"margin: 0px; font-family: 'Century Gothic';\">folgende Zwecke erhoben<\/span><\/strong>: <\/span><\/p>\n<ul type=\"disc\">\n<li style=\"margin: 0px; color: black; font-family: 'Times New Roman'; font-size: 12pt; font-style: normal; font-weight: 400;\"><span style=\"margin: 0px; font-family: 'Century Gothic'; font-size: 10pt;\">Kontaktaufnahme und laufende Kommunikation mit Kunden im Rahmen der Erbringung von Dienstleistungen<\/span><\/li>\n<li style=\"margin: 0px; color: black; font-family: 'Times New Roman'; font-size: 12pt; font-style: normal; font-weight: 400;\"><span style=\"margin: 0px; font-family: 'Century Gothic'; font-size: 10pt;\">Rechtliche Anforderungen (z.B. Aufbewahrungspflichten von Gesch\u00e4ftsunterlagen)<\/span><\/li>\n<\/ul>\n<p><span style=\"margin: 0px; color: black; font-family: 'Century Gothic'; font-size: 10pt;\">Zu einem anderen als einem der vorstehend aufgef\u00fchrten Zwecke wird abc creative und seine Kooperationspartner die personenbezogenen Daten nur nutzen, soweit es gem\u00e4\u00df \u00a7 28 Abs. 2 BDSG zur Wahrung berechtigter Interessen eines Dritten oder zur Abwehr von Gefahren f\u00fcr die staatliche oder \u00f6ffentliche Sicherheit oder zur Verfolgung von Straftaten erforderlich ist.<\/span><\/p>\n<p><span style=\"margin: 0px; color: black; font-family: 'Century Gothic'; font-size: 10pt;\">Die personenbezogenen Daten werden ausschlie\u00dflich auf Servern in der europ\u00e4ischen Union gespeichert und verarbeitet. <\/span><\/p>\n<p><strong><span style=\"margin: 0px; color: black; font-family: 'Century Gothic'; font-size: 10pt;\">Rechte der Kunden <\/span><\/strong><\/p>\n<p><span style=\"margin: 0px; color: black; font-family: 'Century Gothic'; font-size: 10pt;\">Kunden haben jederzeit die M\u00f6glichkeit, ihre Einwilligung durch entsprechende Mitteilung auf dem Postweg an abc creative oder durch elektronische Post an anke.calzada@abc-creative.de f\u00fcr die Zukunft zu widerrufen.<\/span><\/p>\n<p><span style=\"margin: 0px; color: black; font-family: 'Century Gothic'; font-size: 10pt;\">Sie haben zudem die durch das Bundesdatenschutzgesetz gew\u00e4hrleisteten Rechte auf Auskunft und L\u00f6schung. Diese Rechte sind auszu\u00fcben durch eine Nachricht auf dem Postweg oder durch elektronische Post an anke.calzada@abc-creative.de.<\/span><\/p>\n<p><span style=\"margin: 0px; color: black; font-family: 'Century Gothic'; font-size: 10pt;\">Das Recht auf Auskunft, Berichtigung und L\u00f6schung k\u00f6nnen direkt gegen\u00fcber den Kooperationspartnern von abc creative ausge\u00fcbt werden.<\/span><\/p>\n<p><strong><span style=\"margin: 0px; color: black; font-family: 'Century Gothic'; font-size: 10pt;\">Dauer der Datennutzung<\/span><\/strong><\/p>\n<p><span style=\"margin: 0px; color: black; font-family: 'Century Gothic'; font-size: 10pt;\">Die personenbezogenen Daten werden im Falle des Widerrufs der Einwilligung oder wenn der Zweck der Datennutzung fortgefallen ist, unverz\u00fcglich gel\u00f6scht.<\/span><\/p>\n<p><span style=\"margin: 0px; color: black; font-family: 'Century Gothic'; font-size: 10pt;\">abc creative wird seine Kooperationspartner von einem gegen\u00fcber abc creative erkl\u00e4rten Widerruf der Einwilligung unverz\u00fcglich unterrichten. abc creative hat seine Kooperationspartner verpflichtet, die personenbezogenen Daten unverz\u00fcglich nach Kenntnis des Widerrufs zu l\u00f6schen.<\/span><\/p>\n<p><span style=\"margin: 0px; color: black; font-family: 'Century Gothic'; font-size: 10pt;\">abc creative hat seine Kooperationspartner zudem verpflichtet, abc creative von einem dem Kooperationspartner gegen\u00fcber erkl\u00e4rten Widerruf unverz\u00fcglich zu unterrichten. abc creative wird nach Kenntnis von der Erkl\u00e4rung des Widerrufs unverz\u00fcglich die L\u00f6schung der Daten bei sich und ggf. weiteren Kooperationspartnern veranlassen.<\/span><\/p>\n<p><strong><span style=\"margin: 0px; color: black; font-family: 'Century Gothic'; font-size: 10pt;\">Einsatz von Cookies<\/span><\/strong><\/p>\n<p><span style=\"margin: 0px; color: black; font-family: 'Century Gothic'; font-size: 10pt;\">abc creative setzt auf dieser Website KEINE Cookies ein. <\/span><\/p>\n<p><span style=\"margin: 0px; color: black; font-family: 'Century Gothic'; font-size: 10pt;\">Einige Kooperationspartner von Quilt around the World GmbH k\u00f6nnen ggf. Cookies auf dieser Website platzieren. abc creative hat keinen Zugriff auf diese Cookies und kann diese nicht kontrollieren.<\/span><\/p>\n<p><span style=\"margin: 0px; color: black; font-family: 'Century Gothic'; font-size: 10pt;\">Es besteht die M\u00f6glichkeit, die Annahme von Cookies im Webbrowser zu deaktivieren. abc creative \u00fcbernimmt keine Verantwortung f\u00fcr die Benutzung von Cookies durch Kooperationspartner.<\/span><\/p>\n<p><strong><span style=\"margin: 0px; color: black; font-family: 'Century Gothic'; font-size: 10pt;\">Datensicherheit<\/span><\/strong><\/p>\n<p><span style=\"margin: 0px; color: black; font-family: 'Century Gothic'; font-size: 10pt;\">Um einen unbefugten Zugang oder eine unbefugte Offenlegung zu verhindern und um die Richtigkeit der Daten zu gew\u00e4hrleisten und die berechtigte Nutzung der Daten sicherzustellen, verwendet abc creative entsprechende technische und organisatorische Verfahren. Dennoch ist keine elektronische Kommunikation vollkommen sicher. Das bedeutet, dass alle Daten und Informationen, die freiwillig an abc creative \u00fcbermittelt werden, von Dritten im Wege einer widerrechtlichen Datenbeschaffung erlangt werden k\u00f6nnten. F\u00fcr die Offenlegung von Informationen aufgrund von Fehlern und\/oder unautorisierten Zugriffen bei der Daten\u00fcbertragung durch Dritte kann abc creative keine Verantwortung oder Haftung \u00fcbernehmen.<\/span><\/p>\n<p><strong><span style=\"margin: 0px; color: black; font-family: 'Century Gothic'; font-size: 10pt;\">Verweise und Links<\/span><\/strong><\/p>\n<p><span style=\"margin: 0px; color: black; font-family: 'Century Gothic'; font-size: 10pt;\">Bei dem Aufrufen von Internetseiten, auf die im Rahmen dieser Website verwiesen wird, kann nach Angaben wie Name, Anschrift, E-Mail-Adresse, Browsereigenschaften etc. gefragt werden. Diese Datenschutzbestimmung regelt nicht das Erheben, die Weitergabe oder den Umgang personenbezogener Daten durch Dritte.<\/span><\/p>\n<p><span style=\"margin: 0px; color: black; font-family: 'Century Gothic'; font-size: 10pt;\">Dritte Diensteanbieter k\u00f6nnen abweichende und eigene Bestimmungen im Umgang mit der Erhebung, Verarbeitung und Nutzung von personenbezogenen Daten haben. Es wird daher angeraten, sich auf den Internetseiten Dritter vor Eingabe von personenbezogenen Daten \u00fcber deren Praxis zur Handhabung von personenbezogenen Daten zu informieren.<\/span><\/p>\n<p><span style=\"margin: 0px; color: black; font-family: 'Century Gothic'; font-size: 10pt;\">Datenschutzrechtliche Fragen und Mitteilungen sind an abc creative unter der E-Mailadresse anke.calzada@abc-creative.de oder postalisch unter der oben genannten Adresse von abc creative zu richten. <\/span><\/p>\n","protected":false},"excerpt":{"rendered":"<p>Impressum Angaben gem\u00e4\u00df \u00a7 5 TMG Anke Barbara Calzada Abelestra\u00dfe 10 85354 Freising Vertreten durch: Anke Barbara Calzada Kontakt: Telefon: 08161-787 14 18 E-Mail: anke.calzada@abc-creative.de Verantwortlich f\u00fcr den Inhalt nach \u00a7 55 Abs. 2 RStV: &hellip;<\/p>\n","protected":false},"author":1,"featured_media":0,"parent":0,"menu_order":0,"comment_status":"closed","ping_status":"closed","template":"","meta":{"footnotes":""},"class_list":["post-100","page","type-page","status-publish","hentry"],"_links":{"self":[{"href":"https:\/\/abc-creative.de\/index.php?rest_route=\/wp\/v2\/pages\/100","targetHints":{"allow":["GET"]}}],"collection":[{"href":"https:\/\/abc-creative.de\/index.php?rest_route=\/wp\/v2\/pages"}],"about":[{"href":"https:\/\/abc-creative.de\/index.php?rest_route=\/wp\/v2\/types\/page"}],"author":[{"embeddable":true,"href":"https:\/\/abc-creative.de\/index.php?rest_route=\/wp\/v2\/users\/1"}],"replies":[{"embeddable":true,"href":"https:\/\/abc-creative.de\/index.php?rest_route=%2Fwp%2Fv2%2Fcomments&post=100"}],"version-history":[{"count":14,"href":"https:\/\/abc-creative.de\/index.php?rest_route=\/wp\/v2\/pages\/100\/revisions"}],"predecessor-version":[{"id":579,"href":"https:\/\/abc-creative.de\/index.php?rest_route=\/wp\/v2\/pages\/100\/revisions\/579"}],"wp:attachment":[{"href":"https:\/\/abc-creative.de\/index.php?rest_route=%2Fwp%2Fv2%2Fmedia&parent=100"}],"curies":[{"name":"wp","href":"https:\/\/api.w.org\/{rel}","templated":true}]}}